{"id":6033,"date":"2019-05-21T15:01:55","date_gmt":"2019-05-21T15:01:55","guid":{"rendered":"https:\/\/www.zoneconcept.ro\/?post_type=product&#038;p=6033"},"modified":"2026-03-31T09:05:15","modified_gmt":"2026-03-31T09:05:15","slug":"milk_shake-purifying-blend-1000-ml","status":"publish","type":"product","link":"https:\/\/www.zoneconcept.ro\/index.php\/produs\/milk_shake-purifying-blend-1000-ml\/","title":{"rendered":"milk_shake\u00ae Purifying blend &#8211; 1000 ml"},"content":{"rendered":"","protected":false},"excerpt":{"rendered":"<p>\u0218ampon pentru cur\u0103\u021bare puternic\u0103 a scalpului \u0219i p\u0103rului<\/p>\n<p>1000 ml<\/p>\n<p><img alt=\"\" \/><img alt=\"\" \/><a href=\"http:\/\/zoneconcept.ro\/wp-content\/uploads\/2014\/08\/logo1.gif\"><img loading=\"lazy\" decoding=\"async\" class=\"alignnone size-full wp-image-4715\" src=\"http:\/\/zoneconcept.ro\/wp-content\/uploads\/2014\/08\/logo1.gif\" alt=\"logo\" width=\"274\" height=\"41\" \/><\/a><\/p>\n<p>\u0218amponul milk_shake Purifying asigur\u0103 o cur\u0103\u021bare delicat\u0103 a p\u0103rului, restabilind pH-ul natural al scalpului<b>,<\/b> elimin\u00e2nd impurit\u0103\u021bile, m\u0103trea\u021ba, sebumul, transpira\u021bia \u0219i urmele produselor de styling.<\/p>\n<p>Ingredientele pe baz\u0103 de plante selectate contribuie la protejarea scalpului \u0219i a p\u0103rului \u00eempotriva polu\u0103rii. \u0218amponul milk_shake este cheia pentru un p\u0103r s\u0103n\u0103tos \u0219i str\u0103lucitor.<\/p>\n<p>Ideal at\u00e2t pentru b\u0103rba\u021bi, c\u00e2t \u0219i pentru femei, \u00een special pentru cei care se confrunt\u0103 cu m\u0103trea\u021b\u0103 abundent\u0103, \u0219amponul ajut\u0103 la eliminarea impurit\u0103\u021bilor \u0219i rezolva problema lipsei de str\u0103lucire a p\u0103rului.<\/p>\n<p><b>Descrierea produsului<\/b><\/p>\n<p>milk_shake purifying blend este un concentrat de ingrediente naturale active cu propriet\u0103\u021bi excep\u021bionale de purificare, formulate pentru a proteja scalpul \u0219i a rezolva disconforturile asociate cu m\u0103trea\u021ba excesiv\u0103, gr\u0103simea \u0219i rezidurile nedorite din mediul \u00eenconjur\u0103tor.<\/p>\n<p><b>Con\u021bine<\/b>:<\/p>\n<p><b>Alge marine AFA<\/b>: micro-alge verzi-alb\u0103strui care cresc spontan \u00een apele lacului Klamath, unul dintre cele mai pure lacuri din lume, ce se afl\u0103 \u00een statului Oregon. Bogate \u00een Ficocianina C, un atioxidant natural, precum \u0219i vitamine, aminoacizi esen\u021biali \u0219i acizi gra\u0219i Omega-3. S-a dovedit c\u0103 ace\u0219tia au capacit\u0103\u021bi eficiente de detoxifiere, precum \u0219i protejarea stucturilor biologice ale oxid\u0103rii, protec\u021bie \u00eempotriva mediului \u0219i stresului intern. De asemenea, \u00eembun\u0103t\u0103\u021be\u0219te elasticitatea \u0219i hidratarea scalpului.<\/p>\n<p><b>Extract de urzic\u0103 organic\u0103<\/b>: con\u021bine propriet\u0103\u021bi de netezire \u0219i hidratare a p\u0103rului \u0219i scalpului.<\/p>\n<p><b>Extract de coada \u0219oricelului organic:<\/b> renumit pentru propriet\u0103\u021bile revigorante, calmante, r\u0103coritoare \u0219i anti-m\u0103trea\u021b\u0103.<\/p>\n<p><b>Uleiuri esen\u021biale de l\u0103m\u00e2ie, rozmarin \u0219i eucalipt: <\/b>propriet\u0103\u021bi anti-bacteriene \u0219i de regenerare.<\/p>\n<p><b>Zinc pyrithione: <\/b>antibacterian, combate m\u0103trea\u021ba \u0219i scalpul gras.<\/p>\n<p><b>Alantoin\u0103: <\/b>calmant, protector \u0219i hidratant pentru scalp.<\/p>\n<p><b>Silicat de aluminiu \u0219i magneziu: <\/b>absoarbe sebumul.<\/p>\n","protected":false},"featured_media":6034,"comment_status":"open","ping_status":"closed","template":"","meta":[],"product_cat":[26],"product_tag":[29],"class_list":{"0":"post-6033","1":"product","2":"type-product","3":"status-publish","4":"has-post-thumbnail","6":"product_cat-shampoo","7":"product_tag-milk_shake","8":"has-post-title","9":"has-post-date","10":"has-post-category","11":"has-post-tag","12":"has-post-comment","13":"has-post-author","14":"","15":"fullcover","17":"first","18":"instock","19":"taxable","20":"shipping-taxable","21":"purchasable","22":"product-type-simple"},"builder_content":"","_links":{"self":[{"href":"https:\/\/www.zoneconcept.ro\/index.php\/wp-json\/wp\/v2\/product\/6033"}],"collection":[{"href":"https:\/\/www.zoneconcept.ro\/index.php\/wp-json\/wp\/v2\/product"}],"about":[{"href":"https:\/\/www.zoneconcept.ro\/index.php\/wp-json\/wp\/v2\/types\/product"}],"replies":[{"embeddable":true,"href":"https:\/\/www.zoneconcept.ro\/index.php\/wp-json\/wp\/v2\/comments?post=6033"}],"wp:featuredmedia":[{"embeddable":true,"href":"https:\/\/www.zoneconcept.ro\/index.php\/wp-json\/wp\/v2\/media\/6034"}],"wp:attachment":[{"href":"https:\/\/www.zoneconcept.ro\/index.php\/wp-json\/wp\/v2\/media?parent=6033"}],"wp:term":[{"taxonomy":"product_cat","embeddable":true,"href":"https:\/\/www.zoneconcept.ro\/index.php\/wp-json\/wp\/v2\/product_cat?post=6033"},{"taxonomy":"product_tag","embeddable":true,"href":"https:\/\/www.zoneconcept.ro\/index.php\/wp-json\/wp\/v2\/product_tag?post=6033"}],"curies":[{"name":"wp","href":"https:\/\/api.w.org\/{rel}","templated":true}]}}