{"id":6235,"date":"2019-09-30T07:11:01","date_gmt":"2019-09-30T07:11:01","guid":{"rendered":"https:\/\/www.zoneconcept.ro\/?post_type=product&#038;p=6235"},"modified":"2025-04-30T11:13:13","modified_gmt":"2025-04-30T11:13:13","slug":"colour-whipped-cream-warm-brunette","status":"publish","type":"product","link":"https:\/\/www.zoneconcept.ro\/index.php\/produs\/colour-whipped-cream-warm-brunette\/","title":{"rendered":"Colour whipped cream &#8211; warm brunette"},"content":{"rendered":"<!--themify_builder_content-->\n<div id=\"themify_builder_content-6235\" data-postid=\"6235\" class=\"themify_builder_content themify_builder_content-6235 themify_builder tf_clear\">\n    <\/div>\n<!--\/themify_builder_content-->\n","protected":false},"excerpt":{"rendered":"<p>100 ml<br \/>\n<strong>Spum\u0103 crem\u0103 de p\u0103r nuan\u021batoare f\u0103r\u0103 cl\u0103tire<\/strong><\/p>\n<p><a href=\"http:\/\/conceptcosmetics.ro\/beta\/wp-content\/uploads\/2014\/08\/logo1.gif\"><img loading=\"lazy\" decoding=\"async\" class=\"alignnone size-full wp-image-4715\" src=\"http:\/\/conceptcosmetics.ro\/beta\/wp-content\/uploads\/2014\/08\/logo1.gif\" alt=\"logo\" width=\"274\" height=\"41\" \/><\/a><\/p>\n<p>Formula sa ac\u021bioneaz\u0103 ca un balsam, care \u00een acela\u0219i timp \u00eemprosp\u0103teaz\u0103 \u0219i men\u021bine culorile intense \u0219i nuan\u021bele de blond. Con\u021bine proteine din lapte care restructureaz\u0103 p\u0103rul \u0219i emolien\u021bi speciali ce asigur\u0103 o hidratare \u00eendelungat\u0103. Intregrity 41 contribuie la men\u021binerea culorilor. Nuan\u021barea este eliminat\u0103 prin sp\u0103lare. Rezultatul este un p\u0103r m\u0103t\u0103sos, intens hidratat, str\u0103lucitor \u0219i o culoare \u00eemprosp\u0103tat\u0103 (pentru p\u0103rul vopsit) sau reflexii vii (pentru p\u0103rul nevopsit).<\/p>\n<p><strong>Ingrediente active:<\/strong> Integrity 41 (extract de semin\u021be de floarea-soarelui, bogat \u00een polifenoli), extract de zmeur\u0103, proteine din lapte, extract de mango, extract de afine, derivat de vitamina E.<\/p>\n<p><strong>Utilizare:<\/strong>\u00a0agita\u021bi bine produsul \u0219i \u021bine\u021bi-l cu capul \u00een jos pentru a distribui. Aplica\u021bi pe p\u0103rul proasp\u0103t sp\u0103lat \u0219i umed, iar apoi continua\u021bi cu styling-ul.<\/p>\n<p><strong>Warm Brunette<\/strong><br \/>\nculoare actual\u0103: \u0219aten \u00eenchis, castaniu, \u0219aten deschis, blond \u00eenchis, blond<br \/>\nrezultat: accente luminoase de \u0219aten<\/p>\n","protected":false},"featured_media":6236,"comment_status":"open","ping_status":"closed","template":"","meta":[],"product_cat":[28],"product_tag":[29],"class_list":{"0":"post-6235","1":"product","2":"type-product","3":"status-publish","4":"has-post-thumbnail","6":"product_cat-tratamente","7":"product_tag-milk_shake","8":"has-post-title","9":"has-post-date","10":"has-post-category","11":"has-post-tag","12":"has-post-comment","13":"has-post-author","14":"","15":"fullcover","17":"first","18":"instock","19":"taxable","20":"shipping-taxable","21":"purchasable","22":"product-type-simple"},"builder_content":"","_links":{"self":[{"href":"https:\/\/www.zoneconcept.ro\/index.php\/wp-json\/wp\/v2\/product\/6235"}],"collection":[{"href":"https:\/\/www.zoneconcept.ro\/index.php\/wp-json\/wp\/v2\/product"}],"about":[{"href":"https:\/\/www.zoneconcept.ro\/index.php\/wp-json\/wp\/v2\/types\/product"}],"replies":[{"embeddable":true,"href":"https:\/\/www.zoneconcept.ro\/index.php\/wp-json\/wp\/v2\/comments?post=6235"}],"wp:featuredmedia":[{"embeddable":true,"href":"https:\/\/www.zoneconcept.ro\/index.php\/wp-json\/wp\/v2\/media\/6236"}],"wp:attachment":[{"href":"https:\/\/www.zoneconcept.ro\/index.php\/wp-json\/wp\/v2\/media?parent=6235"}],"wp:term":[{"taxonomy":"product_cat","embeddable":true,"href":"https:\/\/www.zoneconcept.ro\/index.php\/wp-json\/wp\/v2\/product_cat?post=6235"},{"taxonomy":"product_tag","embeddable":true,"href":"https:\/\/www.zoneconcept.ro\/index.php\/wp-json\/wp\/v2\/product_tag?post=6235"}],"curies":[{"name":"wp","href":"https:\/\/api.w.org\/{rel}","templated":true}]}}