{"id":7598,"date":"2022-02-07T14:34:42","date_gmt":"2022-02-07T14:34:42","guid":{"rendered":"https:\/\/www.zoneconcept.ro\/?post_type=product&#038;p=7598"},"modified":"2026-02-27T13:14:10","modified_gmt":"2026-02-27T13:14:10","slug":"cold-brunette-shampoo","status":"publish","type":"product","link":"https:\/\/www.zoneconcept.ro\/index.php\/produs\/cold-brunette-shampoo\/","title":{"rendered":"cold brunette shampoo"},"content":{"rendered":"","protected":false},"excerpt":{"rendered":"<p><b>\u0218ampon Cold Brunette <\/b><\/p>\n<p>300 ml<\/p>\n<p><a href=\"http:\/\/conceptcosmetics.ro\/beta\/wp-content\/uploads\/2014\/08\/logo1.gif\"><img loading=\"lazy\" decoding=\"async\" class=\"alignnone size-full wp-image-4715\" src=\"http:\/\/conceptcosmetics.ro\/beta\/wp-content\/uploads\/2014\/08\/logo1.gif\" alt=\"logo\" width=\"274\" height=\"41\" \/><\/a><\/p>\n<p>\u0218ampon special pentru p\u0103r \u0219aten\/castaniu<\/p>\n<p>Cur\u0103\u021b\u0103 delicat p\u0103rul, av\u00e2nd \u00een compozi\u021bie un pigment albastru specific creat pentru a neutraliza tonurile calde &#8211; ro\u0219u\/portocaliu ale p\u0103rului \u0219aten\/castaniu. Proteinele din lapte restructureaz\u0103 p\u0103rul \u00een profunzime, oferindu-i un aspect s\u0103n\u0103tos \u0219i vibrant.<\/p>\n<p>Ingrediente active<\/p>\n<p>Ulei de Moringa, Integrity 41\u00ae, proteine \u200b\u200bdin lapte, proteine \u200b\u200bde quinoa, complex de aminoacizi, ulei de orez.<\/p>\n<p>Cum se folose\u0219te<\/p>\n<ol>\n<li>Aplica\u021bi uniform pe p\u0103rul umed, l\u0103sa\u021bi s\u0103 ac\u021bioneze c\u00e2teva minute, apoi cl\u0103ti\u021bi.<span class=\"Apple-converted-space\">\u00a0<\/span><\/li>\n<li>Pentru un rezultat mai intens, l\u0103sa\u021bi s\u0103 ac\u021bioneze c\u00e2teva minute \u00een plus.<span class=\"Apple-converted-space\">\u00a0<\/span><\/li>\n<li>Continua\u021bi cu balsamul Cold Brunette.<\/li>\n<\/ol>\n","protected":false},"featured_media":7599,"comment_status":"open","ping_status":"closed","template":"","meta":[],"product_cat":[26],"product_tag":[29],"class_list":{"0":"post-7598","1":"product","2":"type-product","3":"status-publish","4":"has-post-thumbnail","6":"product_cat-shampoo","7":"product_tag-milk_shake","8":"has-post-title","9":"has-post-date","10":"has-post-category","11":"has-post-tag","12":"has-post-comment","13":"has-post-author","14":"","15":"fullcover","17":"first","18":"instock","19":"taxable","20":"shipping-taxable","21":"purchasable","22":"product-type-simple"},"builder_content":"","_links":{"self":[{"href":"https:\/\/www.zoneconcept.ro\/index.php\/wp-json\/wp\/v2\/product\/7598"}],"collection":[{"href":"https:\/\/www.zoneconcept.ro\/index.php\/wp-json\/wp\/v2\/product"}],"about":[{"href":"https:\/\/www.zoneconcept.ro\/index.php\/wp-json\/wp\/v2\/types\/product"}],"replies":[{"embeddable":true,"href":"https:\/\/www.zoneconcept.ro\/index.php\/wp-json\/wp\/v2\/comments?post=7598"}],"wp:featuredmedia":[{"embeddable":true,"href":"https:\/\/www.zoneconcept.ro\/index.php\/wp-json\/wp\/v2\/media\/7599"}],"wp:attachment":[{"href":"https:\/\/www.zoneconcept.ro\/index.php\/wp-json\/wp\/v2\/media?parent=7598"}],"wp:term":[{"taxonomy":"product_cat","embeddable":true,"href":"https:\/\/www.zoneconcept.ro\/index.php\/wp-json\/wp\/v2\/product_cat?post=7598"},{"taxonomy":"product_tag","embeddable":true,"href":"https:\/\/www.zoneconcept.ro\/index.php\/wp-json\/wp\/v2\/product_tag?post=7598"}],"curies":[{"name":"wp","href":"https:\/\/api.w.org\/{rel}","templated":true}]}}