{"id":7606,"date":"2022-02-07T15:00:41","date_gmt":"2022-02-07T15:00:41","guid":{"rendered":"https:\/\/www.zoneconcept.ro\/?post_type=product&#038;p=7606"},"modified":"2026-02-27T13:13:57","modified_gmt":"2026-02-27T13:13:57","slug":"cold-brunette-conditioner","status":"publish","type":"product","link":"https:\/\/www.zoneconcept.ro\/index.php\/produs\/cold-brunette-conditioner\/","title":{"rendered":"cold brunette conditioner"},"content":{"rendered":"<!--themify_builder_content-->\n<div id=\"themify_builder_content-7606\" data-postid=\"7606\" class=\"themify_builder_content themify_builder_content-7606 themify_builder tf_clear\">\n    <\/div>\n<!--\/themify_builder_content-->\n","protected":false},"excerpt":{"rendered":"<p><b>Cold Brunette Conditioner<\/b><\/p>\n<p>250 ml<\/p>\n<p>Balsam special pentru p\u0103r \u0219aten sau castaniu<\/p>\n<p>Creat cu cu un pigment albastru specific, confer\u0103 p\u0103rului catifelare \u00een timp ce neutralizeaz\u0103 tonurile calde &#8211; ro\u0219u\/portocaliu ale p\u0103rului \u0219aten\/castaniu. Proteinele din lapte restructureaz\u0103 p\u0103rul \u00een profunzime, oferindu-i un aspect s\u0103n\u0103tos \u0219i vibrant.<\/p>\n<p>Ingrediente active<\/p>\n<p>Ulei de Moringa, Integrity 41\u00ae, proteine \u200b\u200bdin lapte, proteine \u200b\u200bde quinoa, complex de aminoacizi, ulei de orez.<\/p>\n<p>Cum se folose\u0219te<\/p>\n<ol>\n<li>Dup\u0103 sp\u0103larea cu \u0219ampon, aplica\u021bi pe p\u0103rul umed \u0219i l\u0103sa\u021bi s\u0103 ac\u021bioneze c\u00e2teva minute, apoi cl\u0103ti\u021bi.<span class=\"Apple-converted-space\">\u00a0<\/span><\/li>\n<li>Pentru un rezultat mai intens, l\u0103sa\u021bi s\u0103 ac\u021bioneze c\u00e2teva minute \u00een plus.<span class=\"Apple-converted-space\">\u00a0<\/span><\/li>\n<\/ol>\n","protected":false},"featured_media":7607,"comment_status":"open","ping_status":"closed","template":"","meta":[],"product_cat":[27],"product_tag":[29],"class_list":{"0":"post-7606","1":"product","2":"type-product","3":"status-publish","4":"has-post-thumbnail","6":"product_cat-conditioner","7":"product_tag-milk_shake","8":"has-post-title","9":"has-post-date","10":"has-post-category","11":"has-post-tag","12":"has-post-comment","13":"has-post-author","14":"","15":"fullcover","17":"first","18":"instock","19":"taxable","20":"shipping-taxable","21":"purchasable","22":"product-type-simple"},"builder_content":"","_links":{"self":[{"href":"https:\/\/www.zoneconcept.ro\/index.php\/wp-json\/wp\/v2\/product\/7606"}],"collection":[{"href":"https:\/\/www.zoneconcept.ro\/index.php\/wp-json\/wp\/v2\/product"}],"about":[{"href":"https:\/\/www.zoneconcept.ro\/index.php\/wp-json\/wp\/v2\/types\/product"}],"replies":[{"embeddable":true,"href":"https:\/\/www.zoneconcept.ro\/index.php\/wp-json\/wp\/v2\/comments?post=7606"}],"wp:featuredmedia":[{"embeddable":true,"href":"https:\/\/www.zoneconcept.ro\/index.php\/wp-json\/wp\/v2\/media\/7607"}],"wp:attachment":[{"href":"https:\/\/www.zoneconcept.ro\/index.php\/wp-json\/wp\/v2\/media?parent=7606"}],"wp:term":[{"taxonomy":"product_cat","embeddable":true,"href":"https:\/\/www.zoneconcept.ro\/index.php\/wp-json\/wp\/v2\/product_cat?post=7606"},{"taxonomy":"product_tag","embeddable":true,"href":"https:\/\/www.zoneconcept.ro\/index.php\/wp-json\/wp\/v2\/product_tag?post=7606"}],"curies":[{"name":"wp","href":"https:\/\/api.w.org\/{rel}","templated":true}]}}